ime factors of t.
7, 67
Let f = 4 + 1000. What are the prime factors of f?
2, 251
Let z = 671 + -328. List the prime factors of z.
7
Suppose 0 = 4*z - 1058 - 1458. List the prime factors of z.
17, 37
Let y be 2/(-7) + (-108)/14. Let r be 14 - 12/y*2. Suppose -r - 2 = -f. List the prime factors of f.
19
Let w(n) = -n**3 + 8*n**2 + 3*n - 19. Let j be w(8). Suppose s - 118 = -q, 5*q - 356 = -j*s + 2*s. What are the prime factors of s?
3, 13
Let x = 2 - 1. Let o(g) = -15*g - 100. Let f be o(-7). Suppose f*i - 4*i + 2*r - x = 0, 4*i = 3*r + 59. List the prime factors of i.
11
Suppose -8*o - 9 = 7. Let s = o - -19. Let n = s + 44. List the prime factors of n.
61
Let o = -900 + 5620. List the prime factors of o.
2, 5, 59
What are the prime factors of 3/(30/4) - (-22724)/115?
2, 3, 11
List the prime factors of (0 - -3439) + 24/120*-15.
2, 859
Suppose 6*u - 2288 - 3550 = 0. What are the prime factors of u?
7, 139
What are the prime factors of 3551 + (-3 - (8 - 1))?
3541
Suppose -26 = 2*g - 5*d, 0 = -2*d + 6 + 2. List the prime factors of -6*(g + 416/(-12) + 1).
2, 5, 11
Let s = -5 + 8. Suppose t - s*t + 68 = 0. List the prime factors of t.
2, 17
Let k(n) = -3*n**3 + 7*n**2 + 5. Let g(s) = -4*s**3 + 8*s**2 + 6. Let y(a) = -4*g(a) + 5*k(a). List the prime factors of y(3).
5, 11
Let a(z) = 2*z**2 + 26*z + 36. What are the prime factors of a(-19)?
2, 3, 11
Let q = 3 + 24. Let d = 56 - q. List the prime factors of d.
29
Let t(s) = 41*s**2 + 2*s**3 - 18*s - s**3 - 50*s**2 - 5. What are the prime factors of t(11)?
3, 13
Suppose -5*s + 2*z = -524, s + 5*z = 57 + 64. What are the prime factors of s?
2, 53
Let n(b) = -b**2 + 12*b + 8. Let w = -8 - -11. Let t be (-1)/w + (-190)/(-30). List the prime factors of n(t).
2, 11
Let k(s) = s**3 - 24*s**2 + 50*s - 24. Let f(h) = 18*h + 4. Let o be f(1). List the prime factors of k(o).
2, 3
Let y be (66 - 15)/((3/2)/(-1)). Let z = 122 + y. What are the prime factors of z?
2, 11
Suppose -2*o = -3 - 5. Suppose -o*r = -2*s - 282, -4*r + 281 = -4*s + s. What are the prime factors of r?
71
Let q = 94 + -91. Suppose 31 + 344 = q*f + 3*m, -m = -4. List the prime factors of f.
11
Let a(g) = 13*g**2 + g - 22. List the prime factors of a(4).
2, 5, 19
What are the prime factors of -4 + -2 + 5 + 502?
3, 167
Let i(c) = -2*c**2 + 2*c - 1. Let q be i(4). Let k = 13 + q. What are the prime factors of (-68)/(-10) + k/15?
2, 3
Let n be (-2 - 1)/(-3)*1. Let d(v) = v**3 + 10*v**2 + 9. Let i be d(-10). Suppose x - i = -n. What are the prime factors of x?
2
Let z = -1278 - -2143. Suppose -9*x = -4*x - z. List the prime factors of x.
173
Let o(v) = 29 - 4*v - 2 + 1. Let p be o(-12). Let m = -28 + p. What are the prime factors of m?
2, 3
Let b(l) = 2*l**2 - 19*l + 108. List the prime factors of b(28).
2, 11, 13
Let m = 9 + -31. List the prime factors of (m/44)/((2/716)/(-1)).
179
Let v(w) = 2*w + 17. Suppose 5*y = 2*y + 9. Suppose -y*t + 10 = -b - 12, t - 3 = -4*b. What are the prime factors of v(t)?
31
List the prime factors of 1/(-7) - (-430215)/161.
2, 167
Let n(v) = -v**2 + 12*v - 8. Let h be n(9). Suppose 0 = -x + 1, -q = -4*x + h - 99. What are the prime factors of q?
2, 3, 7
Let r = -2231 + 4080. What are the prime factors of r?
43
Suppose -42*n + 41*n = -2. Suppose 0*u = n*u - 178. List the prime factors of u.
89
What are the prime factors of 16/104 - 223692/(-78)?
2, 3, 239
Let n(f) = f**3 - 2*f**2 + 10. Let c be n(4). Suppose -2*y + 24 + c = 0. List the prime factors of y.
3, 11
What are the prime factors of 4*(-6087)/(-72) - (-2)/(-12)?
2, 13
Let t = 46 - -148. List the prime factors of t.
2, 97
Suppose -8*t = -2*t + 60. Let u = 79 + t. What are the prime factors of u?
3, 23
Suppose -11 = 7*s - 11. Let u = 7 - -3. Suppose -14*x + u*x + 56 = s. List the prime factors of x.
2, 7
Let w(l) = 35*l - 7. Let o be w(3). Suppose -10*c - o = -11*c. List the prime factors of c.
2, 7
Let r(a) = 88*a - 29. What are the prime factors of r(5)?
3, 137
Suppose 3*o - 3716 = -5*t, -4*t + t + 3*o + 2244 = 0. List the prime factors of t.
5, 149
Let a be 860/(-6)*9/(-6). Let x(f) = -2*f**3 + 7*f**2 + 6*f - 9. Let z be x(6). Let g = a + z. What are the prime factors of g?
2, 31
Let a = 833 + -166. List the prime factors of a.
23, 29
Suppose u - 1913 = -z, 5*u - z - 14136 + 4589 = 0. What are the prime factors of u?
2, 5, 191
Let i be (-2)/(-1) - 4/(-4). Suppose p - 900 = -i*p. Suppose 5*z = 2*w - 150, -3*w = -0*z + z - p. List the prime factors of w.
3, 5
Suppose -121*d = -126*d + 1805. What are the prime factors of d?
19
Suppose 1 = 5*i - 14. Suppose 2 + 42 = -11*t. List the prime factors of (i + -2)/(t/(-8)).
2
Suppose -2*p = -5*q + 3194, 23*q = 19*q - 5*p + 2542. List the prime factors of q.
2, 11, 29
Let o(x) = -2*x - 8. Let g be o(-6). Suppose -5*k + m + 397 = 0, -g*k + 276 = 4*m - 56. List the prime factors of k.
2, 5
Suppose 0 = q + 5*t - 3608, 3*q - t - 1488 = 9336. What are the prime factors of q?
2, 11, 41
Let w be (-60)/(-14) + (-8)/28. Let v = -5 + w. What are the prime factors of ((-3)/(-6))/(v/(-36))?
2, 3
Let y(c) = -2*c**2 + 2*c**2 + 3 + 2*c**2 + 2*c**2 - 21*c. What are the prime factors of y(7)?
2, 13
Suppose -5*n + 5 - 71 = -3*p, -p - 3*n = -36. Let a = -11 + p. Suppose 59 = 5*f - a. List the prime factors of f.
3, 5
What are the prime factors of (13716/(-45))/12*-65?
13, 127
Let g be (5 - 18)/(-1 + 0). Let a = g - 7. Suppose 8*s - a*s = 60. What are the prime factors of s?
2, 3, 5
Suppose -8*i + 4*k = -4*i - 60, 4*i + 2*k - 30 = 0. What are the prime factors of (444/(-60))/((-2)/i)?
37
Suppose 0 = -0*a + 2*a + 3*x + 15, -2*a + 4*x = 8. Let t be ((-10)/(-3))/((-4)/a). Suppose -3*p + p = 5*u - 161, -p = t*u - 158. List the prime factors of u.
31
Suppose 0 = 37*m - 9*m - 29540. List the prime factors of m.
5, 211
Let u be 12/8 - 47/2. Let j = -6 - -30. Let o = u + j. What are the prime factors of o?
2
Let x(r) be the second derivative of -5/2*r**3 - 1/6*r**4 + 0 - 7*r**2 + 3*r. What are the prime factors of x(-6)?
2
Let j(t) be the third derivative of t**6/120 - 7*t**5/60 - t**4/4 - t**3/2 + 7*t**2. What are the prime factors of j(8)?
13
Suppose 0 = 413*g - 407*g - 9792. List the prime factors of g.
2, 3, 17
Let k(w) = -w - 2. Let p be k(-7). Suppose 2*d = p*q - 21, -2*q + d = q - 13. Suppose -b + 42 = q*g - 3, 2*g + b - 21 = 0. What are the prime factors of g?
2
Let c(h) = h - 13. Let l be c(13). Suppose l = 3*m - 5 - 43. Let o = m + 42. List the prime factors of o.
2, 29
Suppose u - 13 = 2*g, -g - 2*g - 24 = -3*u. Suppose -i = -u*i. Suppose -a + q + 14 = i, -5*a - 3*q + 4*q + 82 = 0. List the prime factors of a.
17
Let d = 1079 + 27. What are the prime factors of d?
2, 7, 79
Let r(u) = u**3 - 4*u**2 + 5*u - 2. Let j be r(2). Let w = 4 - j. Suppose d - 4 = w. List the prime factors of d.
2
Let v = -243 + 563. List the prime factors of v.
2, 5
Suppose -5*c + r + 22679 = 5*r, 0 = 2*r - 2. What are the prime factors of c?
5, 907
Let m(z) = 6*z**3 + z**2 - 2. Let u be m(2). Suppose -239 + u = -7*v. What are the prime factors of v?
3
Let m(h) = -384*h - 8. What are the prime factors of m(-2)?
2, 5, 19
Suppose 0 = 21*x - 4*x - 34. Suppose -2*z - 560 = -x*r, 3*r - 3*z - 836 = z. List the prime factors of r.
2, 71
Let i(r) = -r**3 + 7*r**2 + 11*r - 19. Let g be i(9). Let l = -42 - g. List the prime factors of l.
2, 5
What are the prime factors of 770 + -2*(-3)/(-18)*3?
769
Suppose -5*i + 180 = -5*c, -i - c + 119 = 3*i. List the prime factors of i.
31
Suppose 0 = -5*k + 4*g + 1013 + 139, 5*k - 2*g - 1156 = 0. List the prime factors of k.
2, 29
Let f(r) = r**3 - 5*r**2 + r. Let o be f(4). Let u be (-188)/(-6) + (-6)/(-9). List the prime factors of u/4*(-15)/o.
2, 5
Let h = 155 - 100. Let l(r) = -15*r + 5. Let v be l(-7). Let k = v - h. List the prime factors of k.
5, 11
Let k be (-2*2542/4)/(-1). Suppose 14*t - 2089 - k = 0. What are the prime factors of t?
2, 3, 5
Suppose 65 = i - 599. List the prime factors of i.
2, 83
Let b(d) = -2*d - 2. Let g be b(-8). Let q = 150 + -15. Suppose -9*v - q = -g*v. What are the prime factors of v?
3
Suppose -18*w + 64 = -10*w. What are the prime factors of (-324)/(-10) - w/20?
2
Let y(z) = 4 - 4*z + 5*z**2 + 5 - z - 5. List the prime factors of y(1).
2
Let g(z) = 4*z**3 - 2*z + 1. Let m be g(1). Suppose -4*w -